{"id":62,"date":"2023-03-08T18:01:22","date_gmt":"2023-03-08T17:01:22","guid":{"rendered":"https:\/\/www.location-gite-pornic.fr\/?page_id=62"},"modified":"2024-04-08T08:53:30","modified_gmt":"2024-04-08T06:53:30","slug":"aux-alentours","status":"publish","type":"page","link":"https:\/\/www.location-gite-pornic.fr\/?page_id=62","title":{"rendered":"Aux Alentours"},"content":{"rendered":"\n<p>\u2022Tout proche de chez nous, les amateurs de promenades ou de footing appr\u00e9cieront d&#8217;aller faire le tour de l&#8217;\u00e9tang du Val Saint Martin dans un cadre tr\u00e8s agr\u00e9able, o\u00f9 sont r\u00e9unis salle de sport, stade de foot et piscine de la Ville de Pornic, <\/p>\n\n\n\n<p>et un fantastique <strong>Parc Aventure dans les arbres<\/strong> avec 9 parcours, 115 ateliers, <strong>1500m\u00e8tres de tyroliennes terrestres et au-dessus de l&#8217;\u00e9tang<\/strong>, qui ravira les plus chevronn\u00e9s.       <br><a href=\"https:\/\/www.pornic-aventure.com\/\">https:\/\/www.pornic-aventure.com\/<\/a>   <img loading=\"lazy\" decoding=\"async\" width=\"103\" height=\"74\" class=\"wp-image-563\" style=\"width: 103px;\" src=\"https:\/\/www.location-gite-pornic.fr\/wp-content\/uploads\/2024\/04\/image.jpeg\" alt=\"\">   <img loading=\"lazy\" decoding=\"async\" width=\"150\" height=\"125\" class=\"wp-image-571\" style=\"width: 150px;\" src=\"https:\/\/www.location-gite-pornic.fr\/wp-content\/uploads\/2024\/04\/image-6.jpeg\" alt=\"\"><\/p>\n\n\n\n<figure class=\"wp-block-image\"><img decoding=\"async\" src=\"blob:https:\/\/www.location-gite-pornic.fr\/ce4f7d75-d320-4171-a242-53647a53e8f9\" alt=\"\"\/><\/figure>\n\n\n\n<p>\u2022\u00c0 3 kms du centre ville et du Vieux Port de Pornic, 45 mn \u00e0 pied en empruntant que des chemins et en longeant l\u2019\u00e9tang du Val. <img loading=\"lazy\" decoding=\"async\" width=\"150\" height=\"110\" class=\"wp-image-407\" style=\"width: 150px;\" src=\"https:\/\/www.location-gite-pornic.fr\/wp-content\/uploads\/2023\/03\/13032023-2.jpeg\" alt=\"\" srcset=\"https:\/\/www.location-gite-pornic.fr\/wp-content\/uploads\/2023\/03\/13032023-2.jpeg 640w, https:\/\/www.location-gite-pornic.fr\/wp-content\/uploads\/2023\/03\/13032023-2-300x220.jpeg 300w\" sizes=\"auto, (max-width: 150px) 100vw, 150px\" \/> <img loading=\"lazy\" decoding=\"async\" width=\"150\" height=\"113\" class=\"wp-image-426\" style=\"width: 150px;\" src=\"https:\/\/www.location-gite-pornic.fr\/wp-content\/uploads\/2023\/03\/13032023-18.jpeg\" alt=\"\" srcset=\"https:\/\/www.location-gite-pornic.fr\/wp-content\/uploads\/2023\/03\/13032023-18.jpeg 640w, https:\/\/www.location-gite-pornic.fr\/wp-content\/uploads\/2023\/03\/13032023-18-300x225.jpeg 300w\" sizes=\"auto, (max-width: 150px) 100vw, 150px\" \/> <img loading=\"lazy\" decoding=\"async\" width=\"150\" height=\"113\" class=\"wp-image-591\" style=\"width: 150px;\" src=\"https:\/\/www.location-gite-pornic.fr\/wp-content\/uploads\/2024\/04\/IMG_2521-scaled.jpeg\" alt=\"\" srcset=\"https:\/\/www.location-gite-pornic.fr\/wp-content\/uploads\/2024\/04\/IMG_2521-scaled.jpeg 2560w, https:\/\/www.location-gite-pornic.fr\/wp-content\/uploads\/2024\/04\/IMG_2521-300x225.jpeg 300w, https:\/\/www.location-gite-pornic.fr\/wp-content\/uploads\/2024\/04\/IMG_2521-1024x768.jpeg 1024w, https:\/\/www.location-gite-pornic.fr\/wp-content\/uploads\/2024\/04\/IMG_2521-768x576.jpeg 768w, https:\/\/www.location-gite-pornic.fr\/wp-content\/uploads\/2024\/04\/IMG_2521-1536x1152.jpeg 1536w, https:\/\/www.location-gite-pornic.fr\/wp-content\/uploads\/2024\/04\/IMG_2521-2048x1536.jpeg 2048w\" sizes=\"auto, (max-width: 150px) 100vw, 150px\" \/><\/p>\n\n\n\n<p>\u2022\u0100 5\/10 minutes des plages, de la Boutinardi\u00e8re au sud \u00e0 la plage du Portmain plus au nord avec ses nombreuses criques et p\u00eacheries,<strong> le sentier des douaniers<\/strong> qui longe la c\u00f4te permet de fabuleuses balades. <img loading=\"lazy\" decoding=\"async\" width=\"150\" height=\"113\" class=\"wp-image-595\" style=\"width: 150px;\" src=\"https:\/\/www.location-gite-pornic.fr\/wp-content\/uploads\/2024\/04\/IMG_3685-scaled.jpeg\" alt=\"\" srcset=\"https:\/\/www.location-gite-pornic.fr\/wp-content\/uploads\/2024\/04\/IMG_3685-scaled.jpeg 2560w, https:\/\/www.location-gite-pornic.fr\/wp-content\/uploads\/2024\/04\/IMG_3685-300x225.jpeg 300w, https:\/\/www.location-gite-pornic.fr\/wp-content\/uploads\/2024\/04\/IMG_3685-1024x768.jpeg 1024w, https:\/\/www.location-gite-pornic.fr\/wp-content\/uploads\/2024\/04\/IMG_3685-768x576.jpeg 768w, https:\/\/www.location-gite-pornic.fr\/wp-content\/uploads\/2024\/04\/IMG_3685-1536x1152.jpeg 1536w, https:\/\/www.location-gite-pornic.fr\/wp-content\/uploads\/2024\/04\/IMG_3685-2048x1536.jpeg 2048w\" sizes=\"auto, (max-width: 150px) 100vw, 150px\" \/> <img loading=\"lazy\" decoding=\"async\" width=\"150\" height=\"113\" class=\"wp-image-594\" style=\"width: 150px;\" src=\"https:\/\/www.location-gite-pornic.fr\/wp-content\/uploads\/2024\/04\/IMG_3676-scaled.jpeg\" alt=\"\" srcset=\"https:\/\/www.location-gite-pornic.fr\/wp-content\/uploads\/2024\/04\/IMG_3676-scaled.jpeg 2560w, https:\/\/www.location-gite-pornic.fr\/wp-content\/uploads\/2024\/04\/IMG_3676-300x225.jpeg 300w, https:\/\/www.location-gite-pornic.fr\/wp-content\/uploads\/2024\/04\/IMG_3676-1024x768.jpeg 1024w, https:\/\/www.location-gite-pornic.fr\/wp-content\/uploads\/2024\/04\/IMG_3676-768x576.jpeg 768w, https:\/\/www.location-gite-pornic.fr\/wp-content\/uploads\/2024\/04\/IMG_3676-1536x1152.jpeg 1536w, https:\/\/www.location-gite-pornic.fr\/wp-content\/uploads\/2024\/04\/IMG_3676-2048x1536.jpeg 2048w\" sizes=\"auto, (max-width: 150px) 100vw, 150px\" \/> <img loading=\"lazy\" decoding=\"async\" width=\"150\" height=\"151\" class=\"wp-image-610\" style=\"width: 150px;\" src=\"https:\/\/www.location-gite-pornic.fr\/wp-content\/uploads\/2024\/04\/IMG_3684-1-scaled.jpeg\" alt=\"\" srcset=\"https:\/\/www.location-gite-pornic.fr\/wp-content\/uploads\/2024\/04\/IMG_3684-1-scaled.jpeg 2548w, https:\/\/www.location-gite-pornic.fr\/wp-content\/uploads\/2024\/04\/IMG_3684-1-300x300.jpeg 300w, https:\/\/www.location-gite-pornic.fr\/wp-content\/uploads\/2024\/04\/IMG_3684-1-1019x1024.jpeg 1019w, https:\/\/www.location-gite-pornic.fr\/wp-content\/uploads\/2024\/04\/IMG_3684-1-150x150.jpeg 150w, https:\/\/www.location-gite-pornic.fr\/wp-content\/uploads\/2024\/04\/IMG_3684-1-768x772.jpeg 768w, https:\/\/www.location-gite-pornic.fr\/wp-content\/uploads\/2024\/04\/IMG_3684-1-1529x1536.jpeg 1529w, https:\/\/www.location-gite-pornic.fr\/wp-content\/uploads\/2024\/04\/IMG_3684-1-2038x2048.jpeg 2038w, https:\/\/www.location-gite-pornic.fr\/wp-content\/uploads\/2024\/04\/IMG_3684-1-100x100.jpeg 100w\" sizes=\"auto, (max-width: 150px) 100vw, 150px\" \/><\/p>\n\n\n\n<p><\/p>\n\n\n\n<p><\/p>\n\n\n\n<p>&#8211;<strong>Sorties en mer<\/strong> \u00e0 bord du voilier <strong><em>Corsaires de Retz<\/em><\/strong> (Baie de Bourgneuf, Noirmoutier) \u00e0 partir du vieux port. Ou <strong>promenades comment\u00e9es<\/strong> \u00e0 bord de l\u2019<strong><em>Evasion<\/em><\/strong>. <a href=\"https:\/\/www.pornic.com\/promenades-en-mer.html\">https:\/\/www.pornic.com\/promenades-en-mer.html<\/a> <\/p>\n\n\n\n<p>\u00ce<img loading=\"lazy\" decoding=\"async\" width=\"150\" height=\"100\" class=\"wp-image-603\" style=\"width: 150px;\" src=\"https:\/\/www.location-gite-pornic.fr\/wp-content\/uploads\/2024\/04\/image-7.jpeg\" alt=\"\" srcset=\"https:\/\/www.location-gite-pornic.fr\/wp-content\/uploads\/2024\/04\/image-7.jpeg 800w, https:\/\/www.location-gite-pornic.fr\/wp-content\/uploads\/2024\/04\/image-7-300x200.jpeg 300w, https:\/\/www.location-gite-pornic.fr\/wp-content\/uploads\/2024\/04\/image-7-768x512.jpeg 768w\" sizes=\"auto, (max-width: 150px) 100vw, 150px\" \/> <img loading=\"lazy\" decoding=\"async\" width=\"150\" height=\"100\" class=\"wp-image-606\" style=\"width: 150px;\" src=\"https:\/\/www.location-gite-pornic.fr\/wp-content\/uploads\/2024\/04\/IMG_0032.jpeg\" alt=\"\" srcset=\"https:\/\/www.location-gite-pornic.fr\/wp-content\/uploads\/2024\/04\/IMG_0032.jpeg 500w, https:\/\/www.location-gite-pornic.fr\/wp-content\/uploads\/2024\/04\/IMG_0032-300x200.jpeg 300w\" sizes=\"auto, (max-width: 150px) 100vw, 150px\" \/> <img loading=\"lazy\" decoding=\"async\" width=\"150\" height=\"105\" class=\"wp-image-607\" style=\"width: 150px;\" src=\"https:\/\/www.location-gite-pornic.fr\/wp-content\/uploads\/2024\/04\/IMG_0031.jpeg\" alt=\"\" srcset=\"https:\/\/www.location-gite-pornic.fr\/wp-content\/uploads\/2024\/04\/IMG_0031.jpeg 600w, https:\/\/www.location-gite-pornic.fr\/wp-content\/uploads\/2024\/04\/IMG_0031-300x211.jpeg 300w\" sizes=\"auto, (max-width: 150px) 100vw, 150px\" \/><\/p>\n\n\n\n<figure class=\"wp-block-image\"><img decoding=\"async\" src=\"blob:https:\/\/www.location-gite-pornic.fr\/d6aa2268-15d7-49a4-8ed2-d1c36b5bd70f\" alt=\"\"\/><\/figure>\n\n\n\n<p><\/p>\n\n\n\n<p><\/p>\n\n\n\n<p>-Commerces, cin\u00e9ma \u00e0 2,5 km<\/p>\n\n\n\n<p>-Supermarch\u00e9s, gare SNCF, Casino \u00e0 3 km<\/p>\n\n\n\n<p>-Centre Equestre \u00e0 1.5 km, <\/p>\n\n\n\n<p>-Tennis \u00e0 2 km, <\/p>\n\n\n\n<p>-Golf \u00e0 5 km, <\/p>\n\n\n\n<p>-Club Nautique labellis\u00e9 &#8220;Ecole Fran\u00e7aise de Voile&#8221; \u00e0 5 km. <a href=\"http:\/\/cnpornic.com\/\">http:\/\/cnpornic.com\/<\/a><\/p>\n","protected":false},"excerpt":{"rendered":"<p>\u2022Tout proche de chez nous, les amateurs de promenades ou de footing appr\u00e9cieront d&#8217;aller faire le tour de l&#8217;\u00e9tang du Val Saint Martin dans un cadre tr\u00e8s agr\u00e9able, o\u00f9 sont r\u00e9unis salle de sport, stade de foot et piscine de la Ville de Pornic, et un fantastique Parc Aventure dans les arbres avec 9 parcours, &hellip; <\/p>\n<p class=\"link-more\"><a href=\"https:\/\/www.location-gite-pornic.fr\/?page_id=62\" class=\"more-link\">Continue reading<span class=\"screen-reader-text\"> &#8220;Aux Alentours&#8221;<\/span><\/a><\/p>\n","protected":false},"author":1,"featured_media":0,"parent":0,"menu_order":0,"comment_status":"closed","ping_status":"closed","template":"","meta":{"_themeisle_gutenberg_block_has_review":false,"footnotes":""},"class_list":["post-62","page","type-page","status-publish","hentry"],"_links":{"self":[{"href":"https:\/\/www.location-gite-pornic.fr\/index.php?rest_route=\/wp\/v2\/pages\/62","targetHints":{"allow":["GET"]}}],"collection":[{"href":"https:\/\/www.location-gite-pornic.fr\/index.php?rest_route=\/wp\/v2\/pages"}],"about":[{"href":"https:\/\/www.location-gite-pornic.fr\/index.php?rest_route=\/wp\/v2\/types\/page"}],"author":[{"embeddable":true,"href":"https:\/\/www.location-gite-pornic.fr\/index.php?rest_route=\/wp\/v2\/users\/1"}],"replies":[{"embeddable":true,"href":"https:\/\/www.location-gite-pornic.fr\/index.php?rest_route=%2Fwp%2Fv2%2Fcomments&post=62"}],"version-history":[{"count":26,"href":"https:\/\/www.location-gite-pornic.fr\/index.php?rest_route=\/wp\/v2\/pages\/62\/revisions"}],"predecessor-version":[{"id":615,"href":"https:\/\/www.location-gite-pornic.fr\/index.php?rest_route=\/wp\/v2\/pages\/62\/revisions\/615"}],"wp:attachment":[{"href":"https:\/\/www.location-gite-pornic.fr\/index.php?rest_route=%2Fwp%2Fv2%2Fmedia&parent=62"}],"curies":[{"name":"wp","href":"https:\/\/api.w.org\/{rel}","templated":true}]}}